= -10 - 2*z + 2*z**2 + 3 - z**2. Let a be m(6). Suppose 0 = -2*y + a + 1. What is the units digit of y?
9
Suppose -3*x + 24 = -b + 4*b, b - 2*x + 7 = 0. Suppose t - 4 = b*m, m - 5*m = -5*t + 53. What is the units digit of t?
3
Let k be 0 - (-2 + (-1 - 18)). Let b = -8 + k. What is the units digit of b?
3
Suppose 5*b - 34 + 1 = -y, b - 45 = -5*y. What is the units digit of y?
8
Let y be (3 - 2)*1*28. Suppose k + 13 = 3*k + g, 5*k - y = -g. What is the units digit of k?
5
Suppose p - 6*t = -t + 23, 2*t + 11 = p. Suppose -5*l + 0*o - 2*o = -35, 2*l - 14 = -p*o. What is the units digit of l?
7
Let v = -38 + 215. What is the tens digit of v?
7
Suppose 3*h - 258 = -3*h. What is the tens digit of h?
4
Suppose -2*b = 5*o - 6*b - 21, 3*o = -b + 16. What is the units digit of (-1)/(-5) - (-204)/o?
1
Let v be (-2 - 0) + (-10)/(-5). Suppose 4 + v = 4*m. What is the units digit of m?
1
Let s(f) = -f + 1. Let h = 6 + -6. What is the units digit of s(h)?
1
Let o(u) = u**2 - 10*u + 2. Let r be o(10). Suppose -3*x + 20 = -r*x. Suppose j = -4*j + 2*g + 15, 0 = -4*g - x. What is the units digit of j?
1
Let c(p) = 2*p**2 - 2*p + 1. Let j be c(2). Suppose -32 + 2 = -j*u. What is the units digit of u?
6
Suppose 2*q - r = 47, 3*q - 44 = q - 2*r. What is the units digit of q?
3
Let s be 46/10 - 8/(-20). Suppose s*u - 1 = 14. Suppose -u*n = -2*n - 13. What is the tens digit of n?
1
Let h = 13 + -3. What is the tens digit of h?
1
Suppose 4 = 4*c + 12. Let s be 4*((-1)/c + 0). What is the units digit of (-2)/1*(-4 + s)?
4
Let v(r) = -r**3 + 14*r**2 - 12*r + 8. What is the tens digit of v(13)?
2
Let y = 97 + 1. What is the tens digit of y?
9
Suppose -y + s - 1 = 0, -1 = 2*y - 4*s + 1. Let x be y/(-4) + 11/4. Suppose x*t + 7 = 16. What is the units digit of t?
3
Let i be (-48)/21 - (-4)/14. What is the units digit of i/(-11) + 192/33?
6
Let o be (-2)/(-6) + (-656)/(-12). Suppose j - o = -0*j - 3*m, 5*j - 3*m = 365. Suppose 0 = 6*z - z - j. What is the units digit of z?
4
Let k(l) = -2*l - 5. Let w be k(-4). Suppose -w*x - 5 = -38. What is the units digit of x?
1
Suppose -x = -5*x + 4, -5*x + 7 = n. Suppose n*d - 2 - 4 = 0. What is the units digit of d?
3
Let m be 9/((-3)/(-9) + 0). Suppose -j - 2*j + m = 3*t, 2*j + 10 = 0. What is the tens digit of t?
1
Let j(v) = -18*v + 1. Let z be j(-1). Suppose 0 = 2*t - 53 + z. What is the tens digit of t?
1
Suppose 3*k = 2*k + 8. Let c be 2/k - 42/8. What is the units digit of (-1 - c)/(0 - -2)?
2
Let l(u) = -u**3 - 11*u**2 - 5*u - 8. Let m be l(-11). Let i = m + 0. What is the tens digit of i?
4
Let y = -5 + 7. Let c be -2 - -10 - (-4 + y). What is the units digit of (1/(-2))/((-1)/c)?
5
Suppose -u - 6 = -5*o, -6 = 5*o - u - 3*u. Suppose -32 = o*g - 6*g + 5*s, s = -3*g + 24. What is the units digit of g?
8
Let w(t) = t**2 - 8*t + 10. Let x be w(7). Suppose 3*q + x*o - 2*o + 22 = 0, 4*o - 38 = 2*q. What is the units digit of -3 - (0 - 3) - q?
9
Let k(a) = 6*a + 16. Let v(d) = -d**2 - 1. Let l(i) = -k(i) - v(i). Let j be l(11). Suppose j = 4*q + 5*g, 4*q + g - 3*g = 12. What is the units digit of q?
5
Let k(j) = -6*j**2 + 8*j - 3. Let r(y) = 5*y**2 - 8*y + 2. Let g(h) = 6*k(h) + 7*r(h). What is the units digit of g(-6)?
8
Suppose 4*u = 3*u + 23. What is the tens digit of u?
2
Let h be 4 + (5 - 3)/(-1). Suppose -q - 1 = 3*q - 3*l, 0 = h*q - 3*l - 1. Let n(o) = -9*o**3 + 2*o**2 - 1. What is the units digit of n(q)?
0
Let v = -8 - -4. What is the units digit of 6/(v - -1) - -3?
1
What is the tens digit of ((-11)/1)/((-16)/48)?
3
Let b be 2/(-3) - 51/(-9). Suppose 0*f - 8 = -5*f - 2*z, 14 = b*f - 4*z. Suppose 0*r - 2*r - 10 = -f*d, -15 = 5*r. What is the units digit of d?
2
Let y = 9 - 18. Let i = -1 - y. Suppose -3*m = -i*m + 40. What is the units digit of m?
8
Suppose 2*w + x + 176 = 5*w, w - 2*x - 62 = 0. What is the tens digit of w?
5
Let s = -15 + 18. What is the units digit of s?
3
Suppose m - 210 = -4*m. Let v = -6 + m. What is the units digit of v?
6
Let f be 1/((-10)/4 + 3). Suppose 0 = -2*x + 4*v + 22, -f*x + v + 46 = 3*x. What is the units digit of x?
9
Let h(u) be the third derivative of u**7/2520 - u**6/360 + u**5/30 + 3*u**2. Let w(m) be the third derivative of h(m). What is the units digit of w(6)?
0
Suppose 3*n = 25 - 10. What is the units digit of n?
5
Let n(h) = -3*h**2. Let w be n(1). Let r = w - -1. What is the units digit of (0 - 8/r) + -3?
1
Let b be (2/(-5))/(1/(-10)). Let a be 153/b + 18/24. Suppose -a = -5*g + 11. What is the units digit of g?
0
What is the tens digit of (2 + -6)*-40 + -3 - 0?
5
Suppose 3*r = -2*r - 10, -2*u + 2*r = -366. What is the hundreds digit of u?
1
What is the tens digit of (-8 - (-2 - -5))*-10?
1
Suppose c = 6 - 0. Suppose 0 = -5*h + 2*h + c. Suppose h*t + 0*t = 12. What is the units digit of t?
6
Let b = -6 + 4. Let n(t) = 12*t + 1. Let o be n(b). Let x = o + 32. What is the units digit of x?
9
Suppose 3*z = 3, 0 = -2*n - 3*z + 3 + 10. Suppose n*r + 7 = -3*u, 18 = -4*r + 2*r - 5*u. Let b = r - -2. What is the units digit of b?
3
Suppose -3*d = -2*d, 0 = -4*b - 2*d. Suppose -148 = -6*f + 2*f - 4*a, 3*f - 5*a - 87 = b. What is the tens digit of f?
3
Let u = 10 + 49. What is the units digit of u?
9
Let v be 3*(-4 - 10/(-3)). What is the units digit of v/(-3) - 374/(-51)?
8
Suppose -5*h + 0*h = 0. What is the units digit of (6 + h)*(-1)/(-2)?
3
Let t = -4 - -9. Let h(o) = -7 + t*o - 4*o + 0*o. What is the units digit of h(8)?
1
Let l = -157 - -280. What is the hundreds digit of l?
1
Let k(u) = -u + 4. Let l be k(6). Let o be 34 - ((2 - 3) + l). Suppose o - 7 = 5*r. What is the units digit of r?
6
Let i = -5 - -23. Suppose 0 = -2*j - 14 - i. What is the tens digit of (-2)/8 + (-196)/j?
1
Let r = 43 - 14. What is the tens digit of r/3 + (-4)/(-12)?
1
Suppose -2*i = -2*b - 2*b - 52, 2*i = -4*b + 52. What is the units digit of i?
6
Suppose j + 2*d - 51 = 0, 2*j - 4*d = -0*j + 62. What is the tens digit of j?
4
Let t be 0/(-1*3*1). Let y = -14 + 24. Let i = y - t. What is the tens digit of i?
1
Suppose 3*n - 5 = -n - 5*a, -n + 5*a + 20 = 0. Suppose 2*v + 6 = 2*u, u - v - 6 = -u. Suppose -q + n = -u. What is the units digit of q?
8
Suppose d = 12 + 3. What is the units digit of d?
5
Let p = -5 + 12. Let z be (2*1)/(p/14). Suppose z*n - 34 = 14. What is the units digit of n?
2
Let b = 7 + -4. Let z(k) be the third derivative of k**6/120 - k**5/20 + 2*k**3/3 - 4*k**2. What is the units digit of z(b)?
4
Suppose 8 = c + 2*n, 25 = 6*n - n. What is the units digit of 15/6*2 + c?
3
Let l(m) = 5*m - 2. Let i be l(2). Let o = 15 - i. What is the units digit of o?
7
Suppose 9 + 0 = 3*l. Suppose 8 = d - l. Suppose -3*t + 10 + d = 0. What is the units digit of t?
7
Let m(s) = -s**3 + 2*s**2 + 3*s + 2. Let f be m(3). What is the units digit of 3*16*f/6?
6
Let a(z) = 7*z**2 + 2*z + 5. What is the tens digit of a(-2)?
2
Let f be (3/2)/((-7)/42). Let g = -6 - f. Suppose -4 = -g*n + 14. What is the units digit of n?
6
Let n(y) = -y + 9. Let l be n(5). Suppose l*g = 3*w - 107, 2*g + 37 = 2*w - 31. What is the units digit of w?
9
Let u(q) = q**3 + 3*q**2 - 3*q + 5. Let y be u(-4). What is the tens digit of ((-14)/8)/(y/(-12))?
2
Let f = -24 - -13. Let i = -8 - f. Suppose -4*n + 5*b - 21 = 0, -16 = -i*n - 3*b + 2. What is the units digit of n?
1
Let u = 5 + 0. Let v = -1 + 9. Suppose -u*y + v = -y. What is the units digit of y?
2
Let y be (-12)/(-28) - 123/(-7). Suppose 4*n - y = 30. What is the units digit of n?
2
Suppose b + 4*h = 20, 5*b = -4*h + 8*h + 4. Let o = -3 + b. What is the units digit of 6 + 2 + -2 + o?
7
Let i(a) = -3*a**3 + a**2 - 2*a - 2. Let m be i(-1). Suppose 0 = m*j - 5*t - 18, 5*j + 0*j + 5*t = 0. What is the units digit of j?
2
Suppose 2*o + h - 235 = -2*o, 2*o - 3*h - 121 = 0. What is the units digit of o?
9
Suppose 19*v - 14*v = 280. What is the units digit of v?
6
Let t(p) be the first derivative of p**3/3 - 9*p**2/2 - 16*p + 1. What is the units digit of t(11)?
6
Let m be (34/8)/(1/4). Suppose 4*j + m + 16 = 5*x, j = -x - 15. What is the units digit of (32/j)/((-1)/3)?
8
Let k(q) = 3*q - 1. Let v be k(9). Suppose 0 = -2*y + 4*d + v, 0 = -5*y + 5*d - 39 + 124. What is the tens digit of y?
2
Let a be -3 - (1 + -7) - 4. What is the tens digit of -46*(0 + 1/a)?
4
Let l(c) = 2*c**2 + c - 2.